{"id":1703,"date":"2015-12-19T20:09:49","date_gmt":"2015-12-19T20:09:49","guid":{"rendered":"http:\/\/iglesia-en-villar.es\/blog\/?page_id=1703"},"modified":"2015-12-19T20:09:49","modified_gmt":"2015-12-19T20:09:49","slug":"profesores-catolicos","status":"publish","type":"page","link":"https:\/\/iglesia-en-villar.es\/blog\/profesores-catolicos\/","title":{"rendered":"Profesores Cat\u00f3licos"},"content":{"rendered":"<p align=\"justify\">\u00bfQui\u00e9n lo forma?.- <span style=\"font-size: medium;\">Son un grupo de la Parroquia formado por maestros y profesores que ejercen su misi\u00f3n educativa o bien en el pueblo o en otros centros educativos de otras poblaciones. Algunos de ellos ya est\u00e1n jubilados.<\/span><\/p>\n<p align=\"justify\">\u00bfQu\u00e9 pretenden?.- <span style=\"font-size: medium;\">Educar bien a los hijos en la familia, a los alumnos en la escuela, en el instituto o la universidad, o cualquier otra tarea relacionada con la formaci\u00f3n de las nuevas generaciones, deber\u00eda considerarse como uno de los empe\u00f1os de m\u00e1s trascendencia y responsabilidad en cualquier sociedad que realmente piense en su futuro, y nosotros como cristianos entendemos que esa formaci\u00f3n no ser\u00e1 completa si no est\u00e1 cimentada sobre la Fe<\/span><\/p>\n<p align=\"justify\"><span style=\"font-size: medium;\">Es preciso que surjan iniciativas educativas que respondan a esta necesidad de dar respuesta al desarrollo de la dimensi\u00f3n espiritual del ser humano. Ser\u00e1n nuevos proyectos que pueden partir de instituciones religiosas, di\u00f3cesis, parroquias, movimientos u otras instituciones cat\u00f3licas, pero tambi\u00e9n y sobre todo de ciudadanos que comprenden y valoran esa necesidad y promuevan proyectos educativos laicos en los que se compagine la altura profesional con un fuerte testimonio cristiano, como por otra parte debe suceder en su vida personal cualquier ciudadano cat\u00f3lico coherente.<\/span><\/p>\n<p align=\"justify\">\u00bfQu\u00e9 hacen?.- <span style=\"font-size: medium;\">Forman parte de los diversos grupos de IDE de la Parroquia.<\/span><\/p>\n<p align=\"justify\"><span style=\"font-size: medium;\">Se encargan de realizar acciones dirigidas a los ni\u00f1os y j\u00f3venes y a sus familias, a fomentar la educaci\u00f3n a partir de los valores del Evangelio, organizan acciones como concursos literarios, colaboran con la Hoja Parroquia con art\u00edculos educativos, organizan el Concurso de Belenes parroquial, etc\u2026<\/span><\/p>\n","protected":false},"excerpt":{"rendered":"<p>\u00bfQui\u00e9n lo forma?.- Son un grupo de la Parroquia formado por maestros y profesores que ejercen su misi\u00f3n educativa o bien en el pueblo o en otros centros educativos de otras poblaciones. Algunos de ellos ya est\u00e1n jubilados. \u00bfQu\u00e9 pretenden?.- Educar bien a los hijos en la familia, a los alumnos en la escuela, en el instituto o la universidad,&#8230;<\/p>\n<p> <a class=\"continue-reading-link\" href=\"https:\/\/iglesia-en-villar.es\/blog\/profesores-catolicos\/\"><span>Leer m\u00e1s<\/span><i class=\"crycon-right-dir\"><\/i><\/a> <\/p>\n","protected":false},"author":1,"featured_media":0,"parent":0,"menu_order":0,"comment_status":"closed","ping_status":"closed","template":"templates\/template-onecolumn-noheader.php","meta":{"inline_featured_image":false,"footnotes":""},"class_list":["post-1703","page","type-page","status-publish","hentry"],"better_featured_image":null,"_links":{"self":[{"href":"https:\/\/iglesia-en-villar.es\/blog\/wp-json\/wp\/v2\/pages\/1703","targetHints":{"allow":["GET"]}}],"collection":[{"href":"https:\/\/iglesia-en-villar.es\/blog\/wp-json\/wp\/v2\/pages"}],"about":[{"href":"https:\/\/iglesia-en-villar.es\/blog\/wp-json\/wp\/v2\/types\/page"}],"author":[{"embeddable":true,"href":"https:\/\/iglesia-en-villar.es\/blog\/wp-json\/wp\/v2\/users\/1"}],"replies":[{"embeddable":true,"href":"https:\/\/iglesia-en-villar.es\/blog\/wp-json\/wp\/v2\/comments?post=1703"}],"version-history":[{"count":1,"href":"https:\/\/iglesia-en-villar.es\/blog\/wp-json\/wp\/v2\/pages\/1703\/revisions"}],"predecessor-version":[{"id":1704,"href":"https:\/\/iglesia-en-villar.es\/blog\/wp-json\/wp\/v2\/pages\/1703\/revisions\/1704"}],"wp:attachment":[{"href":"https:\/\/iglesia-en-villar.es\/blog\/wp-json\/wp\/v2\/media?parent=1703"}],"curies":[{"name":"wp","href":"https:\/\/api.w.org\/{rel}","templated":true}]}}

Profesores Católicos

<p align="justify">¿Quién lo forma?.- <span style="font-size: medium;">Son un grupo de la Parroquia formado por maestros y profesores que ejercen su misión educativa o bien en el pueblo o en otros centros educativos de otras poblaciones. Algunos de ellos ya están jubilados.</span></p>
<p align="justify">¿Qué pretenden?.- <span style="font-size: medium;">Educar bien a los hijos en la familia, a los alumnos en la escuela, en el instituto o la universidad, o cualquier otra tarea relacionada con la formación de las nuevas generaciones, debería considerarse como uno de los empeños de más trascendencia y responsabilidad en cualquier sociedad que realmente piense en su futuro, y nosotros como cristianos entendemos que esa formación no será completa si no está cimentada sobre la Fe</span></p>
<p align="justify"><span style="font-size: medium;">Es preciso que surjan iniciativas educativas que respondan a esta necesidad de dar respuesta al desarrollo de la dimensión espiritual del ser humano. Serán nuevos proyectos que pueden partir de instituciones religiosas, diócesis, parroquias, movimientos u otras instituciones católicas, pero también y sobre todo de ciudadanos que comprenden y valoran esa necesidad y promuevan proyectos educativos laicos en los que se compagine la altura profesional con un fuerte testimonio cristiano, como por otra parte debe suceder en su vida personal cualquier ciudadano católico coherente.</span></p>
<p align="justify">¿Qué hacen?.- <span style="font-size: medium;">Forman parte de los diversos grupos de IDE de la Parroquia.</span></p>
<p align="justify"><span style="font-size: medium;">Se encargan de realizar acciones dirigidas a los niños y jóvenes y a sus familias, a fomentar la educación a partir de los valores del Evangelio, organizan acciones como concursos literarios, colaboran con la Hoja Parroquia con artículos educativos, organizan el Concurso de Belenes parroquial, etc…</span></p>

<p>¿Quién lo forma?.- Son un grupo de la Parroquia formado por maestros y profesores que ejercen su misión educativa o bien en el pueblo o en otros centros educativos de otras poblaciones. Algunos de ellos ya están jubilados. ¿Qué pretenden?.- Educar bien a los hijos en la familia, a los alumnos en la escuela, en el instituto o la universidad,&#8230;</p>
<p> <a class="continue-reading-link" href="https://iglesia-en-villar.es/blog/profesores-catolicos/"><span>Leer más</span><i class="crycon-right-dir"></i></a> </p>
