{"id":1705,"date":"2015-12-19T20:11:25","date_gmt":"2015-12-19T20:11:25","guid":{"rendered":"http:\/\/iglesia-en-villar.es\/blog\/?page_id=1705"},"modified":"2015-12-19T20:11:25","modified_gmt":"2015-12-19T20:11:25","slug":"i-d-e","status":"publish","type":"page","link":"https:\/\/iglesia-en-villar.es\/blog\/i-d-e\/","title":{"rendered":"I.D.E."},"content":{"rendered":"<p class=\"western\" align=\"justify\">\u00bfQu\u00e9 es el IDE?.- Este Itinerario quiere ser un instrumento, promovido por el Sr. Arzobispo para toda la Di\u00f3cesis de Valencia, para poner de manifiesto la presencia de Jes\u00fas en el caminar de nuestra vida y un medio para descubrir la presencia salvadora de Jes\u00fas a muchos hombres y mujeres, y ayudarles a reconocer que el que camina a su lado es Jes\u00fas Resucitado. Y sobre todo manifestar que la Fe es necesaria vivirla en Comunidad, en el seno de la Iglesia instituida por Cristo `para llevar su amor y su Verdad a todas las gentes<\/p>\n<p class=\"western\" align=\"justify\">\u00bfEn qu\u00e9 consiste?.- El Itinerario Diocesano de Evangelizaci\u00f3n que os proponemos tiene como finalidad ayudar a madurar la fe entendida como compromiso personal con Cristo, que desemboca en una actualizaci\u00f3n y compromiso cristiano en medio de nuestro mundo. Buscamos hacer suscitar la fe o hacerla crecer a partir de la propia vida a la luz del Evangelio, para llegar as\u00ed a un encuentro con Jesucristo. Y en tal manera que nos ayude a dar respuesta a los grandes interrogantes de la existencia humana, pero siempre desde el sentimiento de pertenencia la Iglesia que se concreta en nuestra Vida en Comunidad, en la Parroquia.<\/p>\n<p class=\"western\" align=\"justify\">\u00bfPara qui\u00e9n?.- El destinatario de nuestro Itinerario es toda y cada persona de nuestro pueblo, creyente o no creyente, joven o adulto, que quiera escuchar, conocer mejor la figura de Cristo y su mensaje de amor y para aquellos que quieran hacer resonar en su propia vida la Palabra de Dios y descubrir la riqueza que supone vivir en el seno de la Iglesia como espacio d\u00f3nde descubrimos de env\u00edo misionero.<\/p>\n<p class=\"western\" align=\"justify\">\u00bfC\u00f3mo?.- Para recorrer este Itinerario se han creado en nuestra Parroquia un total de 11 grupos con una media de 15 miembros aprox., , para facilitar as\u00ed la intercomunicaci\u00f3n, el di\u00e1logo, la b\u00fasqueda y la oraci\u00f3n en com\u00fan, adem\u00e1s de tener en cuenta sus caracter\u00edsticas particulares, sobretodo la edad. Los miembros de nuestra Comunidad Parroquial que realizan este itinerario suman un total de m\u00e1s de 120 personas.<\/p>\n<p class=\"western\" align=\"justify\">Estos grupos se re\u00fanen mensualmente, sin ning\u00fan compromiso, en el horario que m\u00e1s se adecua a las necesidades de los componentes. A cada uno de ellos se les reparte un libro con los temas a tratar, siempre de forma sencilla y clara a partir de la Palabra de Dios. Por ello no es necesario tener ning\u00fan nivel de estudios o de conocimientos teol\u00f3gicos.<\/p>\n<p class=\"western\" align=\"center\"><a name=\"_GoBack\"><\/a><br \/>\n<b>Ciclo 1 2014-2015<\/b><\/p>\n<p class=\"western\" align=\"center\">\u201c<i><b>Vosotros sois Pueblo de Dios\u201d (1 Pe 2,9)<\/b><\/i><\/p>\n<p class=\"western\"><b>1\u00aa Etapa<\/b><b><br \/>\n<\/b><i>Presentaci\u00f3n del Itinerario y formaci\u00f3n de los grupos.<\/i><\/p>\n<p class=\"western\"><b>2\u00aa Etapa<\/b><b><br \/>\nInicio de los grupos<br \/>\n<\/b><i>Celebraci\u00f3n de la Palabra. Memoria del Bautismo.<\/i><\/p>\n<p class=\"western\"><b>Temas:<\/b><\/p>\n<p class=\"western\">1. La Iglesia en el mundo actual: retos y desaf\u00edos.<br \/>\n2. Los laicos y su participaci\u00f3n activa y responsable en la misi\u00f3n de la Iglesia.<br \/>\n3. La parroquia, comunidad de disc\u00edpulos misioneros.<br \/>\n4. Una comunidad fraterna y corresponsable<\/p>\n<p class=\"western\" align=\"center\"><b>Ciclo 2 2015-2016<\/b><\/p>\n<p class=\"western\" align=\"center\">\u201c<i><b>Parroquia y Comunidad Cristiana, lugar de la <\/b><\/i><\/p>\n<p class=\"western\" align=\"center\"><i><b>Evangelizaci\u00f3n\u201d<\/b><\/i><\/p>\n<p class=\"western\"><b>1\u00aa Etapa<\/b><i><b>:<\/b><\/i><i><b> La Vida de la Comunidad Cristiana<\/b><\/i><\/p>\n<p class=\"western\"><i><b>Temas: <\/b><\/i><\/p>\n<ol>\n<li>\n<p class=\"western\"><i>La escucha de la Palabra de Dios<\/i><\/p>\n<\/li>\n<li>\n<p class=\"western\"><i>Una Comunidad que ora y ense\u00f1a a orar<\/i><\/p>\n<\/li>\n<li>\n<p class=\"western\"><i>La Eucarist\u00eda, fuente y culmen de la Evangelizaci\u00f3n<\/i><\/p>\n<\/li>\n<li>\n<p class=\"western\"><i>El Domingo, d\u00eda del Se\u00f1or, d\u00eda de la Eucarist\u00eda, d\u00eda de la Comunidad<\/i><\/p>\n<\/li>\n<\/ol>\n<p class=\"western\"><b>2\u00aa Etapa:<\/b><i><b> El despliegue sacramental<\/b><\/i><\/p>\n<p class=\"western\"><i><b>Temas:<\/b><\/i><\/p>\n<ol start=\"5\">\n<li>\n<p class=\"western\"><i>La Iniciaci\u00f3n cristiana<\/i><\/p>\n<\/li>\n<li>\n<p class=\"western\"><i>El Sacramento de la Reconciliaci\u00f3n. Unci\u00f3n y pastoral de mayores y enfermos<\/i><\/p>\n<\/li>\n<li>\n<p class=\"western\"><i>La pastoral del Matrimonio y la Familia<\/i><\/p>\n<\/li>\n<li>\n<p class=\"western\"><i>El Sacramento del Orden y la Vida Consagrada<\/i><\/p>\n<\/li>\n<\/ol>\n<p class=\"western\" align=\"center\"><b>Ciclo 3 2016-2017<\/b><\/p>\n<p class=\"western\" align=\"center\">\u201c<i><b>Vida de la Comunidad cristiana como Evangelizaci\u00f3n hacia afuera\u201d<\/b><\/i><\/p>\n<p class=\"western\"><b>Etapa 1\u00aa:<\/b><i><b> El anuncio del Evangelio<\/b><\/i><\/p>\n<p class=\"western\"><i><b>Temas:<\/b><\/i><\/p>\n<ol>\n<li>\n<p class=\"western\"><i>El Primer anuncio y Catequesis<\/i><\/p>\n<\/li>\n<li>\n<p class=\"western\"><i>Pastoral de Infancia y Juventud<\/i><\/p>\n<\/li>\n<li>\n<p class=\"western\"><i>Pastoral Vocacional<\/i><\/p>\n<\/li>\n<li>\n<p class=\"western\"><i>La Evangelizaci\u00f3n a trav\u00e9s de los medios de comunicaci\u00f3n<\/i><\/p>\n<\/li>\n<\/ol>\n<p class=\"western\"><b>2\u00aa Etapa:<\/b><i><b> El testimonio del Evangelio<\/b><\/i><\/p>\n<p class=\"western\"><i><b>Temas: <\/b><\/i><\/p>\n<ol start=\"5\">\n<li>\n<p class=\"western\"><i>El servicio de la Caridad: C\u00e1ritas parroquial y otras instituciones.<\/i><\/p>\n<\/li>\n<li>\n<p class=\"western\"><i>Dimensi\u00f3n social y pol\u00edtica de la fe<\/i><\/p>\n<\/li>\n<li>\n<p class=\"western\"><i>La dimensi\u00f3n misionera de la Religiosidad popular<\/i><\/p>\n<\/li>\n<li>\n<p class=\"western\"><i>Parroquia y asociaciones laicales<\/i><\/p>\n<\/li>\n<\/ol>\n<p class=\"western\">\n","protected":false},"excerpt":{"rendered":"<p>\u00bfQu\u00e9 es el IDE?.- Este Itinerario quiere ser un instrumento, promovido por el Sr. Arzobispo para toda la Di\u00f3cesis de Valencia, para poner de manifiesto la presencia de Jes\u00fas en el caminar de nuestra vida y un medio para descubrir la presencia salvadora de Jes\u00fas a muchos hombres y mujeres, y ayudarles a reconocer que el que camina a su&#8230;<\/p>\n<p> <a class=\"continue-reading-link\" href=\"https:\/\/iglesia-en-villar.es\/blog\/i-d-e\/\"><span>Leer m\u00e1s<\/span><i class=\"crycon-right-dir\"><\/i><\/a> <\/p>\n","protected":false},"author":1,"featured_media":0,"parent":0,"menu_order":0,"comment_status":"closed","ping_status":"closed","template":"templates\/template-onecolumn-noheader.php","meta":{"inline_featured_image":false,"footnotes":""},"class_list":["post-1705","page","type-page","status-publish","hentry"],"better_featured_image":null,"_links":{"self":[{"href":"https:\/\/iglesia-en-villar.es\/blog\/wp-json\/wp\/v2\/pages\/1705","targetHints":{"allow":["GET"]}}],"collection":[{"href":"https:\/\/iglesia-en-villar.es\/blog\/wp-json\/wp\/v2\/pages"}],"about":[{"href":"https:\/\/iglesia-en-villar.es\/blog\/wp-json\/wp\/v2\/types\/page"}],"author":[{"embeddable":true,"href":"https:\/\/iglesia-en-villar.es\/blog\/wp-json\/wp\/v2\/users\/1"}],"replies":[{"embeddable":true,"href":"https:\/\/iglesia-en-villar.es\/blog\/wp-json\/wp\/v2\/comments?post=1705"}],"version-history":[{"count":1,"href":"https:\/\/iglesia-en-villar.es\/blog\/wp-json\/wp\/v2\/pages\/1705\/revisions"}],"predecessor-version":[{"id":1706,"href":"https:\/\/iglesia-en-villar.es\/blog\/wp-json\/wp\/v2\/pages\/1705\/revisions\/1706"}],"wp:attachment":[{"href":"https:\/\/iglesia-en-villar.es\/blog\/wp-json\/wp\/v2\/media?parent=1705"}],"curies":[{"name":"wp","href":"https:\/\/api.w.org\/{rel}","templated":true}]}}

<p class="western" align="justify">¿Qué es el IDE?.- Este Itinerario quiere ser un instrumento, promovido por el Sr. Arzobispo para toda la Diócesis de Valencia, para poner de manifiesto la presencia de Jesús en el caminar de nuestra vida y un medio para descubrir la presencia salvadora de Jesús a muchos hombres y mujeres, y ayudarles a reconocer que el que camina a su lado es Jesús Resucitado. Y sobre todo manifestar que la Fe es necesaria vivirla en Comunidad, en el seno de la Iglesia instituida por Cristo `para llevar su amor y su Verdad a todas las gentes</p>
<p class="western" align="justify">¿En qué consiste?.- El Itinerario Diocesano de Evangelización que os proponemos tiene como finalidad ayudar a madurar la fe entendida como compromiso personal con Cristo, que desemboca en una actualización y compromiso cristiano en medio de nuestro mundo. Buscamos hacer suscitar la fe o hacerla crecer a partir de la propia vida a la luz del Evangelio, para llegar así a un encuentro con Jesucristo. Y en tal manera que nos ayude a dar respuesta a los grandes interrogantes de la existencia humana, pero siempre desde el sentimiento de pertenencia la Iglesia que se concreta en nuestra Vida en Comunidad, en la Parroquia.</p>
<p class="western" align="justify">¿Para quién?.- El destinatario de nuestro Itinerario es toda y cada persona de nuestro pueblo, creyente o no creyente, joven o adulto, que quiera escuchar, conocer mejor la figura de Cristo y su mensaje de amor y para aquellos que quieran hacer resonar en su propia vida la Palabra de Dios y descubrir la riqueza que supone vivir en el seno de la Iglesia como espacio dónde descubrimos de envío misionero.</p>
<p class="western" align="justify">¿Cómo?.- Para recorrer este Itinerario se han creado en nuestra Parroquia un total de 11 grupos con una media de 15 miembros aprox., , para facilitar así la intercomunicación, el diálogo, la búsqueda y la oración en común, además de tener en cuenta sus características particulares, sobretodo la edad. Los miembros de nuestra Comunidad Parroquial que realizan este itinerario suman un total de más de 120 personas.</p>
<p class="western" align="justify">Estos grupos se reúnen mensualmente, sin ningún compromiso, en el horario que más se adecua a las necesidades de los componentes. A cada uno de ellos se les reparte un libro con los temas a tratar, siempre de forma sencilla y clara a partir de la Palabra de Dios. Por ello no es necesario tener ningún nivel de estudios o de conocimientos teológicos.</p>
<p class="western" align="center"><a name="_GoBack"></a><br />
<b>Ciclo 1 2014-2015</b></p>
<p class="western" align="center">“<i><b>Vosotros sois Pueblo de Dios” (1 Pe 2,9)</b></i></p>
<p class="western"><b>1ª Etapa</b><b><br />
</b><i>Presentación del Itinerario y formación de los grupos.</i></p>
<p class="western"><b>2ª Etapa</b><b><br />
Inicio de los grupos<br />
</b><i>Celebración de la Palabra. Memoria del Bautismo.</i></p>
<p class="western"><b>Temas:</b></p>
<p class="western">1. La Iglesia en el mundo actual: retos y desafíos.<br />
2. Los laicos y su participación activa y responsable en la misión de la Iglesia.<br />
3. La parroquia, comunidad de discípulos misioneros.<br />
4. Una comunidad fraterna y corresponsable</p>
<p class="western" align="center"><b>Ciclo 2 2015-2016</b></p>
<p class="western" align="center">“<i><b>Parroquia y Comunidad Cristiana, lugar de la </b></i></p>
<p class="western" align="center"><i><b>Evangelización”</b></i></p>
<p class="western"><b>1ª Etapa</b><i><b>:</b></i><i><b> La Vida de la Comunidad Cristiana</b></i></p>
<p class="western"><i><b>Temas: </b></i></p>
<ol>
<li>
<p class="western"><i>La escucha de la Palabra de Dios</i></p>
</li>
<li>
<p class="western"><i>Una Comunidad que ora y enseña a orar</i></p>
</li>
<li>
<p class="western"><i>La Eucaristía, fuente y culmen de la Evangelización</i></p>
</li>
<li>
<p class="western"><i>El Domingo, día del Señor, día de la Eucaristía, día de la Comunidad</i></p>
</li>
</ol>
<p class="western"><b>2ª Etapa:</b><i><b> El despliegue sacramental</b></i></p>
<p class="western"><i><b>Temas:</b></i></p>
<ol start="5">
<li>
<p class="western"><i>La Iniciación cristiana</i></p>
</li>
<li>
<p class="western"><i>El Sacramento de la Reconciliación. Unción y pastoral de mayores y enfermos</i></p>
</li>
<li>
<p class="western"><i>La pastoral del Matrimonio y la Familia</i></p>
</li>
<li>
<p class="western"><i>El Sacramento del Orden y la Vida Consagrada</i></p>
</li>
</ol>
<p class="western" align="center"><b>Ciclo 3 2016-2017</b></p>
<p class="western" align="center">“<i><b>Vida de la Comunidad cristiana como Evangelización hacia afuera”</b></i></p>
<p class="western"><b>Etapa 1ª:</b><i><b> El anuncio del Evangelio</b></i></p>
<p class="western"><i><b>Temas:</b></i></p>
<ol>
<li>
<p class="western"><i>El Primer anuncio y Catequesis</i></p>
</li>
<li>
<p class="western"><i>Pastoral de Infancia y Juventud</i></p>
</li>
<li>
<p class="western"><i>Pastoral Vocacional</i></p>
</li>
<li>
<p class="western"><i>La Evangelización a través de los medios de comunicación</i></p>
</li>
</ol>
<p class="western"><b>2ª Etapa:</b><i><b> El testimonio del Evangelio</b></i></p>
<p class="western"><i><b>Temas: </b></i></p>
<ol start="5">
<li>
<p class="western"><i>El servicio de la Caridad: Cáritas parroquial y otras instituciones.</i></p>
</li>
<li>
<p class="western"><i>Dimensión social y política de la fe</i></p>
</li>
<li>
<p class="western"><i>La dimensión misionera de la Religiosidad popular</i></p>
</li>
<li>
<p class="western"><i>Parroquia y asociaciones laicales</i></p>
</li>
</ol>
<p class="western">

<p>¿Qué es el IDE?.- Este Itinerario quiere ser un instrumento, promovido por el Sr. Arzobispo para toda la Diócesis de Valencia, para poner de manifiesto la presencia de Jesús en el caminar de nuestra vida y un medio para descubrir la presencia salvadora de Jesús a muchos hombres y mujeres, y ayudarles a reconocer que el que camina a su&#8230;</p>
<p> <a class="continue-reading-link" href="https://iglesia-en-villar.es/blog/i-d-e/"><span>Leer más</span><i class="crycon-right-dir"></i></a> </p>
